{"id":351,"date":"2025-01-01T20:00:12","date_gmt":"2025-01-01T19:00:12","guid":{"rendered":"https:\/\/doggieaventure.fr\/?page_id=351"},"modified":"2026-02-24T11:10:59","modified_gmt":"2026-02-24T10:10:59","slug":"cani-trek","status":"publish","type":"page","link":"https:\/\/doggieaventure.fr\/?page_id=351","title":{"rendered":"Week-end nature"},"content":{"rendered":"\n<div style=\"height:24px\" aria-hidden=\"true\" class=\"wp-block-spacer\"><\/div>\n\n\n\n<h2 class=\"wp-block-heading\"><mark style=\"background-color:rgba(0, 0, 0, 0);color:#a60056\" class=\"has-inline-color\">Nouveaut\u00e9 2026 <\/mark><\/h2>\n\n\n\n<div style=\"height:34px\" aria-hidden=\"true\" class=\"wp-block-spacer\"><\/div>\n\n\n\n<h3 class=\"wp-block-heading\">\ud83c\udf3f La Parenth\u00e8se Doggie<\/h3>\n\n\n\n<p><em><mark style=\"background-color:rgba(0, 0, 0, 0);color:#a60056\" class=\"has-inline-color\">Week-end nature &amp; complicit\u00e9 avec votre chien<\/mark><\/em><\/p>\n\n\n\n<p>Et si vous vous offriez une vraie pause avec votre chien ?<\/p>\n\n\n\n<p>La Parenth\u00e8se Doggie est un mini-s\u00e9jour pens\u00e9 pour renforcer le lien humain-chien \u00e0 travers l\u2019aventure, le partage et la d\u00e9couverte, dans un cadre naturel exceptionnel en Normandie.<\/p>\n\n\n\n<p>Nous sommes accueillis au <strong><mark style=\"background-color:rgba(0, 0, 0, 0);color:#a60056\" class=\"has-inline-color\">Camping Risle Seine<\/mark><\/strong>, un camping nature \u00e0 taille humaine, g\u00e9r\u00e9 par des amoureux de la nature et des animaux, offrant un cadre paisible et verdoyant id\u00e9al pour se ressourcer.<\/p>\n\n\n\n<p><br>Les activit\u00e9s nautiques se d\u00e9roulent au <strong><mark style=\"background-color:rgba(0, 0, 0, 0);color:#a60056\" class=\"has-inline-color\">Club Nautique de Toutainville<\/mark><\/strong>, install\u00e9 sur le magnifique plan d\u2019eau du Grand \u00c9tang, au c\u0153ur d\u2019un site naturel pr\u00e9serv\u00e9 propice \u00e0 la d\u00e9couverte et au partage.<\/p>\n\n\n\n<div style=\"height:47px\" aria-hidden=\"true\" class=\"wp-block-spacer\"><\/div>\n\n\n\n<figure class=\"wp-block-gallery has-nested-images columns-default is-cropped wp-block-gallery-1 is-layout-flex wp-block-gallery-is-layout-flex\">\n<figure class=\"wp-block-image size-large\"><img loading=\"lazy\" decoding=\"async\" width=\"1024\" height=\"576\" data-id=\"803\" src=\"https:\/\/doggieaventure.fr\/wp-content\/uploads\/2026\/02\/DJI_0534-1024x576.jpg\" alt=\"\" class=\"wp-image-803\" srcset=\"https:\/\/doggieaventure.fr\/wp-content\/uploads\/2026\/02\/DJI_0534-1024x576.jpg 1024w, https:\/\/doggieaventure.fr\/wp-content\/uploads\/2026\/02\/DJI_0534-300x169.jpg 300w, https:\/\/doggieaventure.fr\/wp-content\/uploads\/2026\/02\/DJI_0534-768x432.jpg 768w, https:\/\/doggieaventure.fr\/wp-content\/uploads\/2026\/02\/DJI_0534-1536x864.jpg 1536w, https:\/\/doggieaventure.fr\/wp-content\/uploads\/2026\/02\/DJI_0534-2048x1152.jpg 2048w, https:\/\/doggieaventure.fr\/wp-content\/uploads\/2026\/02\/DJI_0534-1140x641.jpg 1140w\" sizes=\"auto, (max-width: 1024px) 100vw, 1024px\" \/><\/figure>\n\n\n\n<figure class=\"wp-block-image size-large\"><img loading=\"lazy\" decoding=\"async\" width=\"1024\" height=\"576\" data-id=\"797\" src=\"https:\/\/doggieaventure.fr\/wp-content\/uploads\/2026\/02\/DJI_0504-1024x576.jpg\" alt=\"\" class=\"wp-image-797\" srcset=\"https:\/\/doggieaventure.fr\/wp-content\/uploads\/2026\/02\/DJI_0504-1024x576.jpg 1024w, https:\/\/doggieaventure.fr\/wp-content\/uploads\/2026\/02\/DJI_0504-300x169.jpg 300w, https:\/\/doggieaventure.fr\/wp-content\/uploads\/2026\/02\/DJI_0504-768x432.jpg 768w, https:\/\/doggieaventure.fr\/wp-content\/uploads\/2026\/02\/DJI_0504-1536x864.jpg 1536w, https:\/\/doggieaventure.fr\/wp-content\/uploads\/2026\/02\/DJI_0504-2048x1152.jpg 2048w, https:\/\/doggieaventure.fr\/wp-content\/uploads\/2026\/02\/DJI_0504-1140x641.jpg 1140w\" sizes=\"auto, (max-width: 1024px) 100vw, 1024px\" \/><\/figure>\n\n\n\n<figure class=\"wp-block-image size-large\"><img loading=\"lazy\" decoding=\"async\" width=\"1024\" height=\"781\" data-id=\"795\" src=\"https:\/\/doggieaventure.fr\/wp-content\/uploads\/2026\/02\/Paddle-1024x781.jpeg\" alt=\"\" class=\"wp-image-795\" srcset=\"https:\/\/doggieaventure.fr\/wp-content\/uploads\/2026\/02\/Paddle-1024x781.jpeg 1024w, https:\/\/doggieaventure.fr\/wp-content\/uploads\/2026\/02\/Paddle-300x229.jpeg 300w, https:\/\/doggieaventure.fr\/wp-content\/uploads\/2026\/02\/Paddle-768x586.jpeg 768w, https:\/\/doggieaventure.fr\/wp-content\/uploads\/2026\/02\/Paddle-1536x1172.jpeg 1536w, https:\/\/doggieaventure.fr\/wp-content\/uploads\/2026\/02\/Paddle-1140x870.jpeg 1140w, https:\/\/doggieaventure.fr\/wp-content\/uploads\/2026\/02\/Paddle.jpeg 1743w\" sizes=\"auto, (max-width: 1024px) 100vw, 1024px\" \/><\/figure>\n<\/figure>\n\n\n\n<div style=\"height:21px\" aria-hidden=\"true\" class=\"wp-block-spacer\"><\/div>\n\n\n\n<figure class=\"wp-block-gallery has-nested-images columns-default is-cropped wp-block-gallery-2 is-layout-flex wp-block-gallery-is-layout-flex\">\n<figure class=\"wp-block-image size-large\"><img loading=\"lazy\" decoding=\"async\" width=\"960\" height=\"720\" data-id=\"809\" src=\"https:\/\/doggieaventure.fr\/wp-content\/uploads\/2026\/02\/camping.jpg\" alt=\"\" class=\"wp-image-809\" srcset=\"https:\/\/doggieaventure.fr\/wp-content\/uploads\/2026\/02\/camping.jpg 960w, https:\/\/doggieaventure.fr\/wp-content\/uploads\/2026\/02\/camping-300x225.jpg 300w, https:\/\/doggieaventure.fr\/wp-content\/uploads\/2026\/02\/camping-768x576.jpg 768w\" sizes=\"auto, (max-width: 960px) 100vw, 960px\" \/><\/figure>\n\n\n\n<figure class=\"wp-block-image size-large\"><img loading=\"lazy\" decoding=\"async\" width=\"1024\" height=\"461\" data-id=\"804\" src=\"https:\/\/doggieaventure.fr\/wp-content\/uploads\/2026\/02\/Cani-rando-gourmande-1024x461.jpg\" alt=\"\" class=\"wp-image-804\" srcset=\"https:\/\/doggieaventure.fr\/wp-content\/uploads\/2026\/02\/Cani-rando-gourmande-1024x461.jpg 1024w, https:\/\/doggieaventure.fr\/wp-content\/uploads\/2026\/02\/Cani-rando-gourmande-300x135.jpg 300w, https:\/\/doggieaventure.fr\/wp-content\/uploads\/2026\/02\/Cani-rando-gourmande-768x346.jpg 768w, https:\/\/doggieaventure.fr\/wp-content\/uploads\/2026\/02\/Cani-rando-gourmande-1536x692.jpg 1536w, https:\/\/doggieaventure.fr\/wp-content\/uploads\/2026\/02\/Cani-rando-gourmande-1140x513.jpg 1140w, https:\/\/doggieaventure.fr\/wp-content\/uploads\/2026\/02\/Cani-rando-gourmande.jpg 2048w\" sizes=\"auto, (max-width: 1024px) 100vw, 1024px\" \/><\/figure>\n<\/figure>\n\n\n\n<div style=\"height:48px\" aria-hidden=\"true\" class=\"wp-block-spacer\"><\/div>\n\n\n\n<h2 class=\"wp-block-heading\">\ud83d\udc3e Au programme<\/h2>\n\n\n\n<ul class=\"wp-block-list\">\n<li>Cani-rando et balades nature \ud83c\udf33<\/li>\n\n\n\n<li>Loisirs nautiques : cani-paddle, cani-cano\u00eb ou cani-p\u00e9dalo \ud83d\udca6<\/li>\n\n\n\n<li>D\u00e9couverte du massage canin sportif (bien-\u00eatre &amp; r\u00e9cup\u00e9ration) \ud83d\udc36<\/li>\n\n\n\n<li>Nuit(s) sous tente en immersion nature \u26fa<\/li>\n\n\n\n<li>Ap\u00e9ro convivial offert \ud83c\udf7b<\/li>\n\n\n\n<li>Petit d\u00e9jeuner inclus \ud83e\udd50\u2615<\/li>\n<\/ul>\n\n\n\n<p class=\"has-text-align-center\">Une tonnelle est \u00e0 notre disposition pour partager les repas, les temps d\u2019initiation et les moments d\u2019\u00e9change.<\/p>\n\n\n\n<div style=\"height:24px\" aria-hidden=\"true\" class=\"wp-block-spacer\"><\/div>\n\n\n\n<hr class=\"wp-block-separator has-alpha-channel-opacity\"\/>\n\n\n\n<div style=\"height:22px\" aria-hidden=\"true\" class=\"wp-block-spacer\"><\/div>\n\n\n\n<h2 class=\"wp-block-heading\">\ud83c\udf74 Organisation des repas<\/h2>\n\n\n\n<ul class=\"wp-block-list\">\n<li>Pique-nique \u00e0 pr\u00e9voir pour le samedi midi<\/li>\n\n\n\n<li>Ap\u00e9ro offert<\/li>\n\n\n\n<li>Repas du soir possible au camping (\u00e0 partir de 10 \u20ac, non inclus) ou en ext\u00e9rieur<\/li>\n\n\n\n<li>Petit d\u00e9jeuner inclus<\/li>\n<\/ul>\n\n\n\n<div style=\"height:20px\" aria-hidden=\"true\" class=\"wp-block-spacer\"><\/div>\n\n\n\n<hr class=\"wp-block-separator has-alpha-channel-opacity\"\/>\n\n\n\n<div style=\"height:21px\" aria-hidden=\"true\" class=\"wp-block-spacer\"><\/div>\n\n\n\n<h2 class=\"wp-block-heading\">\ud83c\udfd5\ufe0f H\u00e9bergement<\/h2>\n\n\n\n<ul class=\"wp-block-list\">\n<li>Nuit sous tente<\/li>\n\n\n\n<li>Location de tente possible (nombre limit\u00e9)<\/li>\n\n\n\n<li>Mat\u00e9riel de cani-rando pr\u00eat\u00e9 si besoin<\/li>\n\n\n\n<li>\u00c9lectricit\u00e9 sur l\u2019emplacement groupe<\/li>\n\n\n\n<li>Liste de mat\u00e9riel envoy\u00e9e apr\u00e8s inscription<\/li>\n<\/ul>\n\n\n\n<div style=\"height:21px\" aria-hidden=\"true\" class=\"wp-block-spacer\"><\/div>\n\n\n\n<hr class=\"wp-block-separator has-alpha-channel-opacity\"\/>\n\n\n\n<div style=\"height:20px\" aria-hidden=\"true\" class=\"wp-block-spacer\"><\/div>\n\n\n\n<h2 class=\"wp-block-heading\">\ud83d\udcb0 Tarifs<\/h2>\n\n\n\n<ul class=\"wp-block-list\">\n<li>110 \u20ac \/ bin\u00f4me humain + chien<\/li>\n\n\n\n<li>60 \u20ac pour le 2\u1d49 humain<\/li>\n\n\n\n<li>S\u00e9jour maintenu \u00e0 partir de 4 participants<\/li>\n\n\n\n<li>Groupe limit\u00e9 \u00e0 8 chiens maximum<\/li>\n<\/ul>\n\n\n\n<div style=\"height:21px\" aria-hidden=\"true\" class=\"wp-block-spacer\"><\/div>\n\n\n\n<hr class=\"wp-block-separator has-alpha-channel-opacity\"\/>\n\n\n\n<div style=\"height:22px\" aria-hidden=\"true\" class=\"wp-block-spacer\"><\/div>\n\n\n\n<h2 class=\"wp-block-heading\">\ud83d\udcc5 Dates 2026<\/h2>\n\n\n\n<ul class=\"wp-block-list\">\n<li>9 &amp; 10 mai<\/li>\n\n\n\n<li>6 &amp; 7 juin<\/li>\n\n\n\n<li>19 &amp; 20 septembre<\/li>\n<\/ul>\n\n\n\n<p>Accueil le samedi entre 9h30 et 10h<br>Fin du s\u00e9jour le dimanche midi 12h30 (apr\u00e8s les loisirs nautiques)<\/p>\n\n\n\n<div style=\"height:22px\" aria-hidden=\"true\" class=\"wp-block-spacer\"><\/div>\n\n\n\n<h4 class=\"wp-block-heading\">\ud83d\udc65 Vous \u00eates un groupe d\u2019amis ?<\/h4>\n\n\n\n<p>Envie de vivre <strong>La Parenth\u00e8se Doggie<\/strong> entre amis, en famille ou avec votre club canin ?<\/p>\n\n\n\n<p>Il est possible d\u2019organiser un <strong>week-end sur mesure<\/strong>, \u00e0 une date adapt\u00e9e \u00e0 votre groupe (selon disponibilit\u00e9s).<\/p>\n\n\n\n<p>Que ce soit pour un moment entre passionn\u00e9s, un anniversaire, un week-end complice ou simplement l\u2019envie de partager l\u2019aventure ensemble, je peux vous proposer une organisation personnalis\u00e9e.<\/p>\n\n\n\n<p>\ud83d\udc49 Contactez-moi pour \u00e9changer sur votre projet et construire votre Parenth\u00e8se Doggie \u00e0 votre image.<\/p>\n\n\n\n<div style=\"height:22px\" aria-hidden=\"true\" class=\"wp-block-spacer\"><\/div>\n\n\n\n<hr class=\"wp-block-separator has-alpha-channel-opacity\"\/>\n\n\n\n<div style=\"height:20px\" aria-hidden=\"true\" class=\"wp-block-spacer\"><\/div>\n\n\n\n<h2 class=\"wp-block-heading\">\ud83d\udc9b Pourquoi vivre La Parenth\u00e8se Doggie ?<\/h2>\n\n\n\n<p>Parce que le quotidien va vite.<br>Parce qu\u2019on repousse souvent ces moments simples.<br>Parce que nos chiens, eux, vivent dans l\u2019instant.<\/p>\n\n\n\n<p>La Parenth\u00e8se Doggie, c\u2019est :<\/p>\n\n\n\n<p>\u2728 une pause loin du rythme habituel<br>\u2728 une immersion nature accessible<br>\u2728 des activit\u00e9s partag\u00e9es qui renforcent le lien<br>\u2728 des souvenirs qui restent<\/p>\n\n\n\n<p>Ici, pas de comp\u00e9tition.<br>Pas de pression.<br>Juste une aventure douce, conviviale, o\u00f9 chacun avance \u00e0 son rythme.<\/p>\n\n\n\n<p>Vous venez pour marcher, pagayer, d\u00e9couvrir.<br><\/p>\n\n\n\n<hr class=\"wp-block-separator has-alpha-channel-opacity\"\/>\n\n\n\n<div style=\"height:21px\" aria-hidden=\"true\" class=\"wp-block-spacer\"><\/div>\n\n\n\n<h2 class=\"wp-block-heading has-text-align-center\">\ud83d\udc3e Pr\u00eat(e) \u00e0 vous offrir cette parenth\u00e8se ?<\/h2>\n\n\n\n<p class=\"has-text-align-center\">Les places sont limit\u00e9es afin de pr\u00e9server la qualit\u00e9 du groupe et l\u2019accompagnement.<\/p>\n\n\n\n<p class=\"has-text-align-center\">\ud83d\udcc5 3 week-ends seulement<br>\ud83d\udc65 Minimum 4 participants \u2013 maximum 8 chiens (+ mon poilu \u00e0 moi bien s\u00fbr \ud83d\ude0a)<\/p>\n\n\n\n<div style=\"height:21px\" aria-hidden=\"true\" class=\"wp-block-spacer\"><\/div>\n\n\n\n<p class=\"has-text-align-center\">\ud83d\udc49 <strong>R\u00e9servez votre place d\u00e8s maintenant<\/strong> ou contactez-moi pour \u00e9changer sur votre participation<\/p>\n\n\n\n<div style=\"height:20px\" aria-hidden=\"true\" class=\"wp-block-spacer\"><\/div>\n\n\n\n<div class=\"wp-block-jetpack-send-a-message\">\n<div class=\"wp-block-jetpack-whatsapp-button aligncenter is-color-dark\"><a class=\"whatsapp-block__button\" href=\"https:\/\/api.whatsapp.com\/send?phone=330633007867&amp;text=Bonjour%2C%20j%E2%80%99ai%20trouv%C3%A9%20vos%20informations%20WhatsApp%20sur%20votre%20site%20Web.\" style=\"background-color:#25D366;color:#fff\" target=\"_self\" rel=\"noopener noreferrer\">Discuter sur WhatsApp<\/a><\/div>\n<\/div>\n\n\n\n<div style=\"height:31px\" aria-hidden=\"true\" class=\"wp-block-spacer\"><\/div>\n\n\n\n<div style=\"height:55px\" aria-hidden=\"true\" class=\"wp-block-spacer\"><\/div>\n\n\n\n<div style=\"height:47px\" aria-hidden=\"true\" class=\"wp-block-spacer\"><\/div>\n\n\n\n<p><\/p>\n\n\n\n<p><\/p>\n","protected":false},"excerpt":{"rendered":"<p>Nouveaut\u00e9 2026 \ud83c\udf3f La Parenth\u00e8se Doggie Week-end nature &amp; complicit\u00e9 avec votre chien Et si vous vous offriez une vraie pause avec votre chien ? La Parenth\u00e8se Doggie est un mini-s\u00e9jour pens\u00e9 pour renforcer le lien humain-chien \u00e0 travers l\u2019aventure, le partage et la d\u00e9couverte, dans un cadre naturel exceptionnel en Normandie. Nous sommes accueillis au Camping Risle Seine, un camping nature \u00e0 taille humaine, g\u00e9r\u00e9 par des amoureux de la nature et des animaux, offrant un cadre paisible et verdoyant id\u00e9al pour se ressourcer. Les activit\u00e9s nautiques se d\u00e9roulent au Club Nautique de Toutainville, install\u00e9 sur le magnifique plan d\u2019eau du Grand \u00c9tang, au c\u0153ur d\u2019un site naturel pr\u00e9serv\u00e9 propice \u00e0 la d\u00e9couverte et au partage. \ud83d\udc3e Au programme Une tonnelle est \u00e0 notre disposition pour partager les repas, les temps d\u2019initiation et les moments d\u2019\u00e9change. \ud83c\udf74 Organisation des repas \ud83c\udfd5\ufe0f H\u00e9bergement \ud83d\udcb0 Tarifs \ud83d\udcc5 Dates 2026 Accueil le samedi entre 9h30 et 10hFin du s\u00e9jour le dimanche midi 12h30 (apr\u00e8s les loisirs nautiques) \ud83d\udc65 Vous \u00eates un groupe d\u2019amis ? Envie de vivre La Parenth\u00e8se Doggie entre amis, en famille ou avec votre club canin ? Il est possible d\u2019organiser un week-end sur mesure, \u00e0 une date adapt\u00e9e \u00e0 votre groupe (selon disponibilit\u00e9s). Que ce soit pour un moment entre passionn\u00e9s, un anniversaire, un week-end complice ou simplement l\u2019envie de partager l\u2019aventure ensemble, je peux vous proposer une organisation personnalis\u00e9e. \ud83d\udc49 Contactez-moi pour \u00e9changer sur votre projet et construire votre Parenth\u00e8se Doggie \u00e0 votre image. \ud83d\udc9b Pourquoi vivre La Parenth\u00e8se Doggie ? Parce que le quotidien va vite.Parce qu\u2019on repousse souvent ces moments simples.Parce que nos chiens, eux, vivent dans l\u2019instant. La Parenth\u00e8se Doggie, c\u2019est : \u2728 une pause loin du rythme habituel\u2728 une immersion nature accessible\u2728 des activit\u00e9s partag\u00e9es qui renforcent le lien\u2728 des souvenirs qui restent Ici, pas de comp\u00e9tition.Pas de pression.Juste une aventure douce, conviviale, o\u00f9 chacun avance \u00e0 son rythme. Vous venez pour marcher, pagayer, d\u00e9couvrir. \ud83d\udc3e Pr\u00eat(e) \u00e0 vous offrir cette parenth\u00e8se ? Les places sont limit\u00e9es afin de pr\u00e9server la qualit\u00e9 du groupe et l\u2019accompagnement. \ud83d\udcc5 3 week-ends seulement\ud83d\udc65 Minimum 4 participants \u2013 maximum 8 chiens (+ mon poilu \u00e0 moi bien s\u00fbr \ud83d\ude0a) \ud83d\udc49 R\u00e9servez votre place d\u00e8s maintenant ou contactez-moi pour \u00e9changer sur votre participation<\/p>\n","protected":false},"author":1,"featured_media":0,"parent":0,"menu_order":0,"comment_status":"closed","ping_status":"closed","template":"","meta":{"footnotes":""},"class_list":["post-351","page","type-page","status-publish","hentry"],"jetpack_sharing_enabled":true,"_links":{"self":[{"href":"https:\/\/doggieaventure.fr\/index.php?rest_route=\/wp\/v2\/pages\/351","targetHints":{"allow":["GET"]}}],"collection":[{"href":"https:\/\/doggieaventure.fr\/index.php?rest_route=\/wp\/v2\/pages"}],"about":[{"href":"https:\/\/doggieaventure.fr\/index.php?rest_route=\/wp\/v2\/types\/page"}],"author":[{"embeddable":true,"href":"https:\/\/doggieaventure.fr\/index.php?rest_route=\/wp\/v2\/users\/1"}],"replies":[{"embeddable":true,"href":"https:\/\/doggieaventure.fr\/index.php?rest_route=%2Fwp%2Fv2%2Fcomments&post=351"}],"version-history":[{"count":9,"href":"https:\/\/doggieaventure.fr\/index.php?rest_route=\/wp\/v2\/pages\/351\/revisions"}],"predecessor-version":[{"id":833,"href":"https:\/\/doggieaventure.fr\/index.php?rest_route=\/wp\/v2\/pages\/351\/revisions\/833"}],"wp:attachment":[{"href":"https:\/\/doggieaventure.fr\/index.php?rest_route=%2Fwp%2Fv2%2Fmedia&parent=351"}],"curies":[{"name":"wp","href":"https:\/\/api.w.org\/{rel}","templated":true}]}}